se -18 = -3*g + 4*w - 82, -4*g = c*w + 52. List the prime factors of 4/(-8)*g + -3.
5
Suppose -4*z + n - 17 = 0, 0 = 2*z + 5*n + 3. Let w(t) be the first derivative of t**4/4 + 5*t**3/3 - t**2 + 4*t + 4. What are the prime factors of w(z)?
2, 7
Let r(f) = -f**3 - 8*f**2 - 7*f. Let d(v) = -v - 3. Let w be d(4). Let m be r(w). Let c(n) = -2*n + 66. What are the prime factors of c(m)?
2, 3, 11
Let f(m) = -m - 7. Let p be f(-7). Let h = p - 9. Let z = -7 - h. List the prime factors of z.
2
Suppose 2*w = -10 + 28. Suppose -u = 2*u - w. Suppose 0 = u*a - 5*a + 22. List the prime factors of a.
11
Let q = -427 + 1393. List the prime factors of q.
2, 3, 7, 23
Suppose 10 = 5*d - 0*d. Suppose r = d*i + 3, -r - 12 = -5*r + 3*i. Suppose -r*c + 0*c = -78. What are the prime factors of c?
2, 13
Let m = -196 + 282. Suppose -3*y = -91 - m. Let f = y + -26. What are the prime factors of f?
3, 11
Let c(d) = 6 + 9 - 9 - 5*d + 1. Let z be c(-4). Suppose 3*q = 4*q - z. List the prime factors of q.
3
Let w(k) = 2*k**2 - 5*k + 2. Let q be (-6)/(-15) - (-28)/(-20). Let m be (50/(-5))/(q - 1). What are the prime factors of w(m)?
3
Suppose -s - b + 3051 = 0, 12*b = 9*b - 3. List the prime factors of s.
2, 7, 109
Let y = 24 - 24. Suppose y = r - 10 - 18. Suppose 0 = -5*t + r + 77. List the prime factors of t.
3, 7
Let i be (-14)/(-6) + (-2)/6. Suppose 7 = 5*t - 3*l - 2, 2*t = i*l + 6. Suppose 129 = 3*d - t*d. List the prime factors of d.
43
Let j be 5/(-3)*(2 - -1). Suppose -20 = 4*d, -5*d - 134 = 5*s - 9. Let p = j - s. What are the prime factors of p?
3, 5
Suppose 10*n - 256 = 6*n + 4*d, -5*d = 5*n - 270. What are the prime factors of n?
59
Suppose 5*x - 3*f - 5520 = 0, -6*x + 5*f + 4429 = -2*x. What are the prime factors of x?
3, 367
Let a = 36 + -31. Suppose a*s + 14 + 188 = 2*d, s - 269 = -3*d. What are the prime factors of d?
7, 13
Let j = -5 + 10. Suppose j*u - 14 = -4*k + 9, -5*u + 2*k + 11 = 0. Suppose u*h = -0*h + 63. List the prime factors of h.
3, 7
Suppose -3*l + 1979 = 2*f, 2*f = 2*l + 2*l + 1986. What are the prime factors of f?
991
Suppose -4*w = -w - v - 7174, 0 = -v + 5. What are the prime factors of w?
2393
What are the prime factors of (-4)/(-28) - (-36747)/21?
2, 5, 7
Let j = -85 - -87. List the prime factors of j - (675/(-18))/(2/4).
7, 11
Suppose 0 = 23*p - 21570 - 39748. List the prime factors of p.
2, 31, 43
Let f = 14 + -9. Let d(q) = -15*q**2 - 168*q - 17. Let x be d(-11). Suppose 14 = f*r - x. What are the prime factors of r?
2, 3
Let w(k) = -k**2 - k + 1. Let h(i) = -5*i**2 - 5*i - 50. Let p(a) = -h(a) + 4*w(a). What are the prime factors of p(0)?
2, 3
Let m(v) = -v + 4. Let j be m(2). Let h be (2/3)/(j/39). Let p = 4 + h. What are the prime factors of p?
17
Let c = -91 - -46. Let a be (c/10 + 4)*-4. Suppose -2*r + 70 = -5*u, -124 = a*r - 6*r + 2*u. What are the prime factors of r?
2, 3, 5
Let f be (-1 - 1)/(2/(-7)). Suppose -6 - f = -s. Suppose g + 5*o + s = 0, 2*o - 12 = -4*g - 2*o. List the prime factors of g.
7
Let b = 2772 - 387. List the prime factors of b.
3, 5, 53
Suppose 0 = j + 1, -4*y - 3*j + 8 + 5 = 0. Let k be (-790)/(-14) + 3/(-7). Suppose 2*a - k = 4*l + 4, -90 = -y*a - 2*l. List the prime factors of a.
2, 3
Let t = 1219 + -447. What are the prime factors of t?
2, 193
Let j(a) = 2*a**2 - 6*a - 24. What are the prime factors of j(16)?
2, 7
Let b(k) = -k**3 + 13*k**2 + 20*k - 17. Let a be b(14). Suppose -3*c = 19 + 59. Let n = c + a. What are the prime factors of n?
41
Let w = -266 - -731. List the prime factors of w.
3, 5, 31
Let j(z) = z**3 - z**2. Let a be j(0). Suppose a = t + 4*t - 15. Suppose 21 + 72 = t*h. What are the prime factors of h?
31
Suppose -3*d - 4*k + 188 = 0, d - 71 = 5*k - 8*k. List the prime factors of d.
2, 7
Let k(m) be the third derivative of -m**6/120 - m**5/12 - 17*m**3/6 - m**2. List the prime factors of k(-6).
19
Suppose -b = 3*p - 722, -4*p = -b + 373 + 335. What are the prime factors of b?
2, 179
Suppose 2195 = -8*d + 11995. What are the prime factors of d?
5, 7
Suppose 2*r - 18 = -2*l, -3*l + 23 - 3 = -4*r. Suppose -13*u + l*u = -430. What are the prime factors of u?
2, 43
Suppose -66*u + 68*u = 1342. List the prime factors of u.
11, 61
List the prime factors of (-9)/63 - 206310/(-42).
2, 307
What are the prime factors of (-20)/(-15)*(-3 - 63/(-2))?
2, 19
Suppose -t + 314 = -g, t = 4*t + 3*g - 918. List the prime factors of t.
2, 5, 31
Let z = -48 - -45. List the prime factors of (-1 - 75/10)*(1 + z).
17
Let l(g) = 2*g**3 + 14*g**2 + g + 7. Let k be l(-7). Suppose 6*t - 226 - 80 = k. What are the prime factors of t?
3, 17
Let d(p) = 4*p**3 + p**2 - p. Let f be d(1). Suppose 0 = t + 3, g - f = -t - 2. Suppose -3*y + 18 = 4*q, -g*q + 12 = -3*y - 24. What are the prime factors of q?
2, 3
Let d be (-2)/(8/4) + 46. Suppose -4*n = -n - d. Suppose n = j - 14. What are the prime factors of j?
29
Let i be ((-2)/(-4))/((-4)/(-24)). Suppose 0*x - i*x = 12. What are the prime factors of x/12 - (-103)/3?
2, 17
Let k(z) = 4*z**2 - 216*z - 34. What are the prime factors of k(60)?
2, 19, 37
Let r = 2844 + -1816. List the prime factors of r.
2, 257
Suppose 10 = -3*c - 5*a, -a = 5*c + 4*a. Suppose -15 - 410 = c*m. List the prime factors of ((-16)/20)/(2/m).
2, 17
Suppose 9*r - 2364 = 2082. What are the prime factors of r?
2, 13, 19
Let p be 0/(2*4/(-8)). List the prime factors of (-4)/(p + (-6)/27).
2, 3
What are the prime factors of (-1)/(-5) + 12860*8/100?
3, 7
Let d(q) = q**3 - 8*q**2 + 9*q - 3. Let c be d(7). Let o(t) = -t**3 + 10*t**2 + 14*t + 12. List the prime factors of o(c).
3, 5
Let v = -842 + 1745. What are the prime factors of v?
3, 7, 43
Let c(z) = z**3 - 5*z**2 - 5*z + 4. Let i be c(6). Suppose 0 = 18*h - 13*h - i. What are the prime factors of h?
2
Let a = 4728 + -2964. What are the prime factors of a?
2, 3, 7
Let i(t) = t**2 - 1. Suppose 3*g = 39 - 3. Suppose 7 = -r + g. List the prime factors of i(r).
2, 3
Let f = -168 + 100. Let o be (4/8)/((-2)/f). Suppose -2*c - 2*c = t - 26, -2*t - c + o = 0. What are the prime factors of t?
2, 3
Let h(p) = -p**3 + 7*p**2 + 7*p + 1. Let q be h(7). Suppose 4*w - 59 = v, -2*w = -v - w - q. Let b = v - -73. List the prime factors of b.
2, 13
Let f(d) = 48*d**2 - 13*d - 1. What are the prime factors of f(2)?
3, 5, 11
Let r = -39 - -1311. List the prime factors of r.
2, 3, 53
Suppose 5*x + 2*d - 8 = 0, 4*x - 11 = 3*d - 0*d. Suppose 0*r - r = -x. List the prime factors of -1*r*(3 + -4).
2
Let q(r) = -2*r - 12. Let w = -30 - -23. Let v be q(w). Suppose c - 6 = v*u + 21, -5*c + 111 = -4*u. What are the prime factors of c?
19
Suppose 367*s - 362*s = 23425. List the prime factors of s.
5, 937
Let t(j) = j**3 + 24*j**2 + 4*j + 51. List the prime factors of t(-19).
2, 5, 89
Suppose -5*f - 3*j + 13 = 0, -5*f + 15 = 6*j - j. Suppose 2*w = -f + 58. List the prime factors of w.
2, 7
Suppose 23*p - 19*p = r + 2537, -3*r = -3*p + 1905. List the prime factors of p.
2, 317
Suppose -23764 = -14*x + 13658. What are the prime factors of x?
3, 11
Suppose -5*p + q + 27189 = 674, 0 = -5*p - q + 26525. What are the prime factors of p?
2, 3, 13, 17
Suppose 4*i - 5*n = 3*i + 204, 0 = -3*i + n + 542. Suppose -190 = b + i. What are the prime factors of (-4)/(-10) - b/15?
5
Let q = -109 - -63. Suppose -3*b = -5*f - 55, 5 = -3*f - 3*b - 52. Let w = f - q. List the prime factors of w.
2
Suppose 0 = -90*k + 146866 + 235094. List the prime factors of k.
2, 1061
Let h(z) = -150*z - 10. Let u be (20/(-6))/(6/9). Let s be h(u). What are the prime factors of s/30 + 2/6?
5
Suppose 11*h + 69*h = 50240. List the prime factors of h.
2, 157
Let l(q) = q + 16. Let h be l(-12). Suppose -3*o + h*t = -10, 0 = o - 5*t + t - 6. Suppose -g - 12 = -o*g. List the prime factors of g.
2, 3
Let j(l) = 8*l**2 + 2*l - 23*l**2 - 1 + 2. Let w be j(-1). Let d(u) = -u**2 - 17*u - 8. What are the prime factors of d(w)?
2
Let k(g) = -g. Let c = 13 - 16. Let n be k(c). Suppose -n*b = -0*s - 3*s + 102, 3*b = -15. What are the prime factors of s?
29
What are the prime factors of ((-20)/(-100))/((-1)/(-13595))?
2719
Suppose -5*x + 0*x - 135 = -4*m, -3*x = -m + 25. Let j = -102 - -106. Suppose -3*d = c - 2*d - m, -j*d + 55 = c. What are the prime factors of c?
5, 7
Let y be (-10420)/(-14) + (-38)/133. Suppose y = 4*r - 3*c, r 